 be s(k). Suppose 2 = q + t. What is the highest common divisor of 2 and q?
1
Suppose 12 = -3*q + 9*q. Suppose -2*g + q*j + 24 = 0, -3*g - 2*j = 2*g - 60. Calculate the highest common factor of 24 and g.
12
Let s(b) = 4 - 3 + b**2 + 3*b**2 - b + 1. Let o be s(1). What is the highest common factor of 5 and o?
5
Let u = 0 + 3. Suppose u*c - c = 140. What is the highest common divisor of c and 28?
14
Let d(w) = -2*w - 2. Let l = -11 - -9. Let i be d(l). Calculate the highest common divisor of i and 4.
2
Suppose 0 = v + 3*k - 8 - 15, 3*v = k + 29. Suppose v = 5*z - 64. Calculate the highest common factor of z and 75.
15
Suppose 63*z + 15 = 64*z. Calculate the greatest common divisor of 165 and z.
15
Let u be 20 + 6/((1 - 3) + 0). Calculate the greatest common divisor of u and 153.
17
Let d be 3/1*4/6. Let m(x) = 4*x**3 - 4*x**2 + 3. Let q be m(3). Suppose -p - q = -d*p. What is the highest common factor of p and 15?
15
Suppose c = -3*b - 12, -4 = -3*c + 4*b + 12. Let x(j) = -j**2 + c*j**2 + 17 + j**3 + 2*j**2. Let i be x(0). Calculate the greatest common divisor of 85 and i.
17
Suppose -5*m + 21 = -59. Suppose -5*q = -3*z - 30, 2*q + 11 = -z + 4*q. Let c = z + 45. What is the greatest common divisor of c and m?
8
Let j(x) be the third derivative of 7*x**4/24 - x**3/2 + x**2. Let y be j(3). What is the highest common factor of 6 and y?
6
Let l be 1*(91 - 0) + -3. Let v = 308 - l. Calculate the greatest common factor of v and 20.
20
Let l be 27 - (25/(-1))/(-5). Calculate the greatest common divisor of 88 and l.
22
Let h(m) = 39*m - 36. Let z be h(9). Calculate the greatest common divisor of 45 and z.
45
Let t = 8 + -8. Suppose t = d + 4*d - 80. Suppose d = 5*b - 9. Calculate the greatest common divisor of 20 and b.
5
Let q = 41 - -179. Suppose -5*j = -j - q. Calculate the greatest common factor of 11 and j.
11
Let i = 109 + -54. Calculate the highest common divisor of i and 22.
11
Let k(f) = 39*f**2 - 2*f - 1. Let a be k(-1). Let s = 86 + -45. Suppose -3*u + 63 = 3*i, 7*u - s = -i + 2*u. Calculate the highest common divisor of a and i.
8
Suppose -8 = -w - 3*r + 9, -3*w - 3*r = -21. Suppose -t - 22 = -w*x - 3*t, -4*t = 12. What is the highest common factor of 154 and x?
14
Let v = -25 - -49. Let l(p) = -4*p - 41. Let j be l(-11). What is the highest common divisor of j and v?
3
Let i(j) = 27*j - 16 - 12*j + 12. Let b be i(4). What is the greatest common divisor of b and 8?
8
Let b(m) = 5*m**2 - 5*m + 10. Let u be b(-7). What is the highest common factor of 10 and u?
10
Let v(m) = -m + 10. Suppose 3*r + r = 20. Let p be v(r). Let u = -4 - -39. What is the greatest common factor of u and p?
5
Suppose -6*k + 548 = -190. What is the highest common factor of k and 41?
41
Let k = 35 + -15. Let c = -2 + 6. What is the greatest common divisor of k and c?
4
Let z(s) = s**3 - 4*s**2 - 7*s + 5. Let x be z(5). Let h be (-149)/x - 3/(-15). What is the highest common factor of 15 and h?
15
Let y(s) = s. Let p be y(3). Calculate the highest common factor of 1 and p.
1
Suppose -4 = -2*p + 3*o, -p + 3*o = -o - 2. Let f be ((-2)/1 - -3)*0. Suppose -l - p*l + 189 = f. What is the greatest common divisor of 9 and l?
9
Suppose -4*v + 20 = v. Suppose -3*p - 33 = -b - v*b, 2*b - 4*p = 16. Let y = 10 - 4. Calculate the highest common divisor of b and y.
6
Let b(t) = t**2 + 3*t + 5. Let h be b(-5). What is the greatest common divisor of 60 and h?
15
Let a be 3*1/(-1) - -10. Calculate the greatest common divisor of a and 77.
7
Let y = 14 + -10. Let o be (3 - y) + (0 - -17). Calculate the greatest common factor of o and 128.
16
Let o be (2/(-5))/((-6)/330). What is the greatest common factor of o and 176?
22
Let h = -28 + 43. Let i be (12/(-4))/((-2)/10). What is the greatest common factor of h and i?
15
Let y be -6*(42/24)/(6/(-16)). What is the greatest common factor of y and 4?
4
Let p(z) be the second derivative of 2*z - z**2 - 1/2*z**3 + 0. Let l be p(-3). Calculate the highest common divisor of 1 and l.
1
Let a(w) = -2*w - 19. Let n be a(-14). Calculate the greatest common factor of 153 and n.
9
Let s be (1 - 1)*1/2. Let a be (-3)/(-3 + s) + 0. Let u be (-13)/a*(-5 + 4). What is the greatest common divisor of 104 and u?
13
Let u = -1 - -2. Suppose 5*i + 3*h = 137, 0 = 4*i + i - 4*h - 144. Let w = i - 25. Calculate the greatest common divisor of u and w.
1
Let z = -4 - -7. Suppose 0 = -u + 3*p + 6, -p + 2*p + 10 = z*u. Suppose 5 = u*l - 16. What is the highest common divisor of 7 and l?
7
Let u = 184 + -99. Calculate the greatest common divisor of u and 5.
5
Suppose 2*v - 71 = 325. What is the highest common divisor of v and 18?
18
Let p = -105 + 185. Let a be (-16)/((-16)/(-4)) + 36. Calculate the greatest common factor of a and p.
16
Suppose 0 = -5*n + 2*n + 9. Let d = n + -1. Suppose d*h = h + 44. What is the highest common factor of 11 and h?
11
Suppose 0*t - 4 = -t - w, 5*t - 5*w + 10 = 0. What is the highest common factor of 2 and t?
1
Suppose 2*s - 2*z + 22 = -0*z, -3 = 3*s + 3*z. Let g = s - -17. Calculate the greatest common divisor of g and 11.
11
Suppose -4*y + 190 = y. What is the greatest common divisor of y and 95?
19
Suppose -54 = -56*s + 53*s. Suppose -25 + 97 = 4*f. Calculate the greatest common divisor of s and f.
18
Suppose 2*u - 6 = f, 3*f + 1 + 3 = -u. Let d be f/3 + 14/3. Let z = 86 - 84. Calculate the highest common divisor of d and z.
2
Let l(c) = 18*c**3 + 2*c**2 - c. Let u be l(1). What is the highest common factor of u and 19?
19
Suppose 0 = -2*z + 15 + 11. Let o(v) = 0*v**2 - 9*v - 5 + 0*v**2 - v**2. Let w be o(-6). What is the highest common divisor of w and z?
13
Let j(h) be the first derivative of -5*h**2/2 - 2*h + 1. Let y be j(-2). Suppose -7*x = -11*x + 256. Calculate the greatest common divisor of x and y.
8
Let p(u) = -u**2 + 2*u + 2. Let q be p(3). Let h be (-6 - -1)*(-7 - q). What is the highest common divisor of h and 10?
10
Let p(y) = -y**3 - 16*y**2 - 28*y + 7. Let b be p(-14). What is the greatest common divisor of 28 and b?
7
Suppose -d + 3 + 12 = 0. What is the highest common divisor of d and 45?
15
Let d be (-564)/(-44) - (-4)/22. Suppose 5*i = d + 62. Calculate the highest common factor of i and 15.
15
Let k be 0 + 25 + 1*-1. Let z be (-31 - -56)*(24/(-5))/(-2). Calculate the highest common factor of k and z.
12
Let s = -77 + 121. Let f = 1 + 3. Calculate the greatest common divisor of f and s.
4
Let r = 154 + -127. Calculate the greatest common factor of r and 3.
3
Suppose -a + l + 2*l = 8, 4*l - 12 = a. Suppose t + a*k = 60, 2*t + 159 = 4*t - 5*k. Calculate the greatest common divisor of t and 8.
8
Suppose 5*c + 56 = -g, -4*c + 17 = -4*g + 57. Let n = c + 16. Calculate the greatest common factor of n and 40.
5
Let i = 72 + -58. Calculate the highest common divisor of 14 and i.
14
Let k(l) = 4*l - 2. Let j be k(4). Let u = 15 - j. Calculate the greatest common divisor of u and 4.
1
Let q(s) = 4*s + 34. Let u be q(-6). What is the highest common factor of 5 and u?
5
Let r = -354 + 360. Let s(l) = -10*l + 2. Let f be s(-4). Calculate the greatest common factor of r and f.
6
Let a = -12 + 27. Let n be 354/a + 2/5. Calculate the highest common factor of n and 36.
12
Suppose 2*l + 3 = 21. Suppose 0 = -2*k + 57 + 51. What is the highest common divisor of l and k?
9
Suppose -21 = -3*v - 6. Suppose -v*g = -127 + 27. Calculate the greatest common factor of g and 5.
5
Suppose 5*t + 3 - 21 = 4*b, 0 = -t - 5*b - 8. Let p be ((-1)/(-3))/((-4)/(-12)). What is the greatest common divisor of p and t?
1
Let p = 8 + -12. Let w = 2 - p. Let r = -11 - -20. Calculate the greatest common divisor of w and r.
3
Suppose -4*y = -y - 504. What is the highest common factor of y and 24?
24
Suppose 3*x - 265 = x - f, -x + 150 = -3*f. What is the greatest common divisor of x and 15?
15
Let o be 5 + (-1 + 4)/(-3). Suppose -v + 6*v - b - 6 = 0, 0 = 3*b - 12. Let t = o - v. Calculate the highest common factor of 4 and t.
2
Let n be (-24)/(-60) - 76/(-10). Let x(c) = 56*c. Let f be x(1). Calculate the greatest common factor of f and n.
8
Let v(f) be the second derivative of 11*f**5/20 + f**4/12 + f**3/2 + f**2/2 - 6*f. Let l be v(2). What is the highest common factor of l and 9?
9
Let x be 116/14 - 2/7. What is the highest common factor of 8 and x?
8
Sup